 -37*r. Let x(t) = 11*t. Let a(u) = 3*s(u) + 10*x(u). Let b = 11 + -5. Determine a(b).
-6
Let b(f) = -4*f**3 + 6*f**2 + 2. Let d(k) = -k**3 + k**2. Let y(j) = b(j) - 5*d(j). What is y(-2)?
-2
Let i(x) = x + 2. Let r(q) = -q**3 - q**2 - q + 3. Let s be r(0). Suppose -u + s*u = 10. Determine i(u).
7
Let s(c) be the second derivative of c**3/2 + 7*c**2/2 + c - 15. Determine s(5).
22
Let q(h) = 3*h + 4. Let l(w) = -4*w**2 + 13*w - 14. Let t be l(2). What is q(t)?
-8
Let k(t) = t**3 + t**2 - t + 1. Let s = -11 + -5. Let a = -19 - s. Calculate k(a).
-14
Let j(c) = 2 + c**2 + 3*c + 3*c**3 - 4*c**3 + c - 3*c. Give j(2).
0
Let u(s) = 2*s**2 - 4*s - 1. Suppose 3*f + 12 = 4*c - 8, 4*c - 4 = -f. Calculate u(c).
-1
Suppose -207*l + 271 = -520 + 170. Let p(w) be the first derivative of 5*w**2/2 - 3*w - 1. Determine p(l).
12
Let i = -21 + 15. Let c(t) = -2*t**2 - 3*t - 1. Let r(g) = 3*g**2 - g + 3. Let o(p) = 2*c(p) + r(p). What is o(i)?
7
Let l = -38 + 40. Let k(t) = 13*t**3 + 7*t**2 + 4*t - 16. Let v(a) = -3*a**3 - 2*a**2 - a + 4. Let q(j) = l*k(j) + 9*v(j). Let n = -4 - 0. Give q(n).
8
Let c = -58 - -13. Let b be (54/c)/(4/(-10)). Suppose 3*a = -b*o - 9, 0 = -o - 4*a - a + 5. Let p(g) = -g**3 - 4*g**2 + 4*g - 6. Determine p(o).
-1
Let p(z) = 2*z**2 - 19*z**3 - z**2 + 1 - 6*z**2 + 0 + 4*z**2. Calculate p(-1).
19
Suppose 5*t = 2*c - 7*c, -4*c + 2*t = -12. Let d(q) = 3*q - 3. Give d(c).
3
Let g(r) = r + 3. Let z(q) = q**3 - 11*q**2 - 14*q + 6. Let b be z(12). Let k(f) = f**3 + 18*f**2 - 2. Let y be k(b). Calculate g(y).
1
Let v(b) = -58*b**3 + 25*b**3 + 7 - 9*b + 25*b**3 + 2*b**2. Let g(r) = -12*r**3 + 3*r**2 - 13*r + 10. Let o(i) = 5*g(i) - 7*v(i). What is o(1)?
-4
Let l(r) = 90*r**2 + 2*r + 5. Let z(d) = -60*d**2 - d - 3. Let k(x) = -5*l(x) - 8*z(x). Give k(-1).
31
Let x(d) = d - 11. Let y be x(13). Let q(c) = c - 1. Give q(y).
1
Let h = 6 - 10. Let a = -2 - h. Let u(i) = -i - 2. Let n(d) = 2*d + 4. Let y(k) = 3*n(k) + 7*u(k). Calculate y(a).
-4
Let d(j) = 11*j - 31. Let a(u) = -u - 6. Let v(r) = -5*a(r) + d(r). Determine v(1).
15
Suppose -4*f = -f. Suppose -4*g - 5 = 5*t, f = -0*g + g - 3*t - 3. Let o(s) = -2 + s**3 + g + s + 5*s**2 - 3*s. Calculate o(-5).
8
Let m(l) = l**2 - 6*l + 4. Let p be m(6). Suppose -p = a - 1. Let j(s) = s**2 + 5*s + 3. Determine j(a).
-3
Let n(o) = o**3 - 2*o**2 - 8*o - 3. Suppose 0 = -2*b - 2*f + 12, 3*b + 2 = b + 5*f. Determine n(b).
-3
Let c(g) = -4*g**2 + g + 3. Suppose -6*d - 3 = 15. Let o(b) = b**2 + b. Let x(u) = d*o(u) - c(u). Give x(5).
2
Let l(w) = w**2 - 8*w + 1. Let p be (-3 + (2 - 1))*(3 - 16). Let u be (-1 - -2*1) + 4. Suppose g - 4 = -6, u*g = 4*h - p. Calculate l(h).
-15
Suppose 5*d = -4*x + 49, -3*x + 2 - 9 = -5*d. Suppose x*c = c - f + 14, 3*c + 5*f = 4. Let j(n) = 0*n + 2*n**2 - n**c + 3*n**2 - 2*n - 3. Give j(4).
5
Let g = 12 + -12. Suppose g = -f - 4. Let d(l) = 2*l**2 - l**2 - 5*l - 2*l**2 + 1 - 4. Give d(f).
1
Let p be 1 - (-3)/9*3. Let x(j) = 2*j**2 - 3*j - 2. Let w be x(p). Let c(o) = -o**3 + o - 7. Calculate c(w).
-7
Let o(d) = 3*d - 1. Let n be (2/(-4))/((44/304)/11). Let c be (19/n)/(1/(-6)). What is o(c)?
8
Let w(b) = -2*b**2 + 3*b**2 + b**2 - b**2 + 61 + 2*b - 59. Give w(-3).
5
Let w(f) be the first derivative of f**3/3 + 2*f**2 - 8*f - 2. Suppose 31 = 4*n + 255. Let y = -62 - n. Determine w(y).
4
Let w(x) = 3*x**2 + x + 2 - 3*x + 0*x**2 - 4. Let p(d) = d**3 - 2*d**2 - 9*d + 6. Let a be p(4). Calculate w(a).
6
Let n(t) = t**3 + 1. Let o(w) = -w**3 + w**2 - 4*w - 5. Let i(s) = 2*n(s) + o(s). Suppose 74 = v - 4*k, 193 = 5*v + 2*k - 89. Let q = 56 - v. What is i(q)?
1
Let h(l) = l**2 + 15*l - 11. Let p(o) = -4*o**2 - 48*o + 36. Let d(z) = -7*h(z) - 2*p(z). Determine d(9).
5
Let a(r) be the second derivative of -r**6/720 - r**5/120 - 3*r**4/4 - 9*r. Let x(o) be the third derivative of a(o). Give x(3).
-4
Let p(w) = -w + 5. Let y be p(9). Let k(f) be the first derivative of 3*f**2/2 + 6*f - 1. What is k(y)?
-6
Let o(c) = c**2 + 5*c - 8. Let v be o(-6). Let q be (-6 + 7)/(1/8). Let m(z) = -1 + z**3 - 1 + 6*z**3 - 2*z**2 - q*z**3 - z. Determine m(v).
0
Let l(m) = m**2 - 7 + 0 - 2 - 9*m. Let c be l(10). Let j be 30/20*c*2. Let q(o) = -o - 4. What is q(j)?
-7
Let s(u) = 12*u - 49. Let v(n) = 49*n - 219. Let h(d) = -9*s(d) + 2*v(d). Let w = 0 - -3. Calculate h(w).
-27
Let p(b) = -b + 4. Let j(f) = 4*f - 13. Let l(z) = 2*j(z) + 7*p(z). Let h be 10/(-25) - (-22)/(-10)*-2. Determine l(h).
6
Let s(t) be the first derivative of -t**3/3 - t**2/2 - 1. Let a(r) = -r - 17. Let c = -64 - -50. Let l be a(c). Determine s(l).
-6
Let m(f) = -2*f + 162 - 333 + 167. Calculate m(-2).
0
Suppose 8 + 0 = 4*j. Let m(v) = 11*v + 2. Determine m(j).
24
Suppose -s - 4*s = 15. Let g be (3 - (1 - 0))/((-148)/(-222)). Let h(n) = -g*n - 1 - 12*n**2 - 3*n**2 + 23*n**2 + n**3 - 6*n**2. Give h(s).
-1
Let m(k) = 2*k**3 + 11*k**2 + 2*k - 3. Let l(z) = z**3 + 5*z**2 + z - 1. Let p(i) = 2*i + 18. Let b be p(-12). Let w(g) = b*m(g) + 13*l(g). Determine w(0).
5
Let h(n) be the third derivative of n**6/30 - n**5/60 - n**4/24 + 4*n**2. Suppose -7*r - 157 + 150 = 0. Determine h(r).
-4
Let z(k) = -k**3 - 7*k**2 + k + 25. Let n be z(-6). Let s = 6 + n. Let b(r) = -r**2 - 10*r + 9. Determine b(s).
-2
Let a(j) = -j**2 + 5*j. Let l(w) = -7*w + 4. Suppose 0 = -2*k - k - 15. Let x be l(k). Let z be x/15 - 6/(-15). Calculate a(z).
6
Let i(p) = p**2 - 2*p + 3. Suppose 0 = -49*x + 40*x + 18. What is i(x)?
3
Let f(i) = i**3 + 5*i**2 + 4*i + 4. Let y(n) = 3*n**3 - n**3 + 8*n - 1 - 1 + 10 + 11*n**2. Let p(g) = 5*f(g) - 2*y(g). What is p(-3)?
-8
Let j(b) = -b**2 - 3*b + 4. Let g be j(-4). Let k(a) = a + 30. Let v be k(g). Let l = v - 26. Let m(q) = q**3 - 5*q**2 + 4*q - 5. Give m(l).
-5
Let l = -461 - -449. Let r(c) = c**3 + 13*c**2 + 12*c - 13. Calculate r(l).
-13
Let l = 242 - 243. Let q(t) = -9*t**2 - t - 1. Calculate q(l).
-9
Let s be 1 - (-24)/(-3) - (-3 + 1). Let w(c) = -c**2 - 4*c + 11. What is w(s)?
6
Let y(s) = -s**2 + s + 4. Let x be y(2). Let g(r) = -5*r**x - r**2 + 5*r + 2*r**2 + 1 + 3*r**2. Determine g(6).
-5
Let a(v) = -260 + v**2 + 508 - 253. Calculate a(-3).
4
Let v be (-925)/225 - 2/(-18). Let a(d) = -d**3 - 5*d**2 - 5*d + 2. Give a(v).
6
Let x be 6 - (-1 + 4) - 8. Let i(o) = 7*o**2 + 5*o - 4. Let z(v) = -15*v**2 - 10*v + 8. Let p(k) = 13*i(k) + 6*z(k). Calculate p(x).
-4
Suppose -j + 36 = 5*t - 0*j, 4*t - 31 = -3*j. Suppose -f = t*f - 32. Let c be (-10)/f*4/(-2). Let g(k) = k**2 - 6*k - 2. Give g(c).
-7
Let z(y) = -27*y**3 + 3*y**2 + 5*y + 5. Let u(q) = -40*q**3 + 5*q**2 + 8*q + 8. Let c(i) = -5*u(i) + 8*z(i). Let l(b) = b + 6. Let h be l(-5). What is c(h)?
-17
Let h(n) = n + 7. Let t be h(16). Let x = -21 + t. Let g(w) = -w + 4. Calculate g(x).
2
Let i(j) = -j**3 - 10*j**2 - 8. Let l be i(-10). Let y(k) = -4*k - 7. Give y(l).
25
Let p(b) = b**3 + b**2 - b + 2. Let t be p(0). Let q(f) = 0*f - 2*f**t - 3*f**3 + 2*f + 1 + 4*f**2. Give q(-1).
4
Let u(n) = n**3 + 9*n**2 - 10*n - 12. Let w = 8 + -18. Give u(w).
-12
Let c(w) be the third derivative of w**4/24 + 8*w**3/3 - 26*w**2 + 2. What is c(-12)?
4
Let p(g) = g**3 - 5*g**2 - 2*g - 4. Let z(o) = o**3 - 1. Let u(y) = p(y) - 2*z(y). Let k(l) = l + 1. Let n be k(-6). Determine u(n).
8
Let q(k) = k**2 - 65*k + 240. Let a be q(4). Let x(c) = 3*c + 11. Determine x(a).
-1
Let x = 56 - 52. Let w(v) be the second derivative of v**5/20 - v**4/4 - v**3/2 - v**2 + 5*v. What is w(x)?
2
Suppose -2*z + 22 = -3*p - 7, 0 = -4*p + 20. Let j(d) = 33 - z + d - 19 + 0*d. Give j(6).
-2
Let c(f) = -f - 12. Let j(k) = 2*k - 4. Let x be j(-3). Let y be c(x). Let a(z) = -z + 11. Let s(q) = -3*q + 30. Let r(g) = -8*a(g) + 3*s(g). Determine r(y).
4
Let r(d) be the third derivative of d**6/120 + 7*d**5/60 - 3*d**3/2 - 9*d**2. Let j be (64/(-8))/((-1)/4). Let m = 25 - j. Determine r(m).
-9
Let s = 19 + -17. Suppose -k - 2 = -5*z, 4*k - z - 9 = s*z. Let y(d) = 3*d + 2*d - 4*d - 6 + 0*d. Calculate y(k).
-3
Let k(n) = 2*n - 16 - 20 + 32 - 14 + n. Give k(4).
-6
Let x(c) = -c**2 + 6*c + 11. Let g be (52/2)/2 - 6. What is x(g)?
4
Let x(c) = -c**2 + 3*c + 14. Let b(j) = -26*j - 176. Let t be b(-7). What is x(t)?
-4
Let c(b) be the third derivative of -b**5/30 - 7*b**4/12 - b**3/3 - 2*b**2 - 59*b. Determine c(-5).
18
Let z(i) be t